/9*2/3?
2
Let a(k) = -2*k - 28 + 40 + 3*k**2 + k**2. Let g be a(-6). Suppose 4*c + 2*w = -g + 410, -c + w = -56. What is the tens digit of c?
5
Let r be (6/9)/((-4)/(-24)). Suppose -3*n + 126 = 4*v, -r*v - 2*n + 62 = -2*v. Suppose -v*z + 35*z = 220. What is the hundreds digit of z?
1
Suppose 5682 + 4029 = 13*j - 780. What is the units digit of j?
7
What is the tens digit of (-1)/5 + 1351616/280?
2
Suppose 8*n + 18 = 10. Let b be 82 - (0 - (1 - n)). What is the tens digit of b - -5*(-9)/15?
8
Let k(w) = -14*w**2 + 5*w - 9. Let x be k(3). Let r = 123 + x. Suppose -v - r*b = -141 - 161, -2*b = 3*v - 892. What is the hundreds digit of v?
2
Suppose 5*b + 3*x - 373 = -1, 3*b - 3*x - 228 = 0. What is the tens digit of b?
7
Let w = -76 + 76. Suppose 7*o - 587 - 225 = w. Let b = o - -15. What is the units digit of b?
1
Suppose 5*z = 10*u - 9*u + 218155, 0 = -5*z - 2*u + 218170. What is the hundreds digit of z?
6
Suppose -62*o = -37*o - 6850. What is the tens digit of 3 + -2 + o - (-3 - -5)?
7
Suppose g = w - 22 - 5, -3 = 3*g. What is the tens digit of 5326/w + 52/338?
0
What is the ten thousands digit of (-2)/(-4)*(-26 - -30) - -4*8385?
3
Let l(k) = -2366*k - 471. What is the ten thousands digit of l(-18)?
4
Suppose 4*i - 40 = -i. Suppose 5 = 5*z - 5*y, i*y - 4 = -4*z + 3*y. What is the tens digit of -11*(z + -3 + 1)?
1
Suppose 13*p = -2*p - 420. What is the tens digit of (-513)/(-12) + (-7)/p?
4
Suppose -3*a = -5338 - 41894. What is the hundreds digit of a?
7
Suppose -3344442 - 3039768 = -147*t. What is the hundreds digit of t?
4
Suppose -28*v + 5*j + 49 = -31*v, -3*j - 87 = 5*v. What is the hundreds digit of 5248/12 + v/(-27)?
4
Suppose -y + m = -0 + 4, 5*y - m = -12. Suppose 0 = -3*f - 4*o - 446, -23 = 3*o - 8. Let n = y - f. What is the units digit of n?
0
Suppose -5*q + z = -13, 2*q + 0*z - 12 = -3*z. Let h be 97/11 - 10/(-55). Suppose -h*f + q*f = -192. What is the units digit of f?
2
What is the hundreds digit of (-72)/(-15)*(-30135)/(-588)?
2
Let f = -5866 + 7655. What is the thousands digit of f?
1
Let k(g) = 17*g + 4*g - 7*g + 36*g - 4. Let r be k(2). Let c = 159 - r. What is the units digit of c?
3
Let f = 4564 + 1089. What is the units digit of f?
3
Let x(h) = 50*h + 35. Let t be x(7). Suppose -2*w = -3*s + 2*s + t, -4*s + 1535 = -3*w. What is the units digit of s?
3
What is the tens digit of -1 - 1751790/(-66) - (-234)/(-858)?
4
Let l be (-24)/(-60) + ((-5892)/5 - 2). Let q = -810 - l. What is the tens digit of q?
7
What is the hundreds digit of (153186/90 + (-66)/(-110))/(2/18)?
3
Suppose -2*a - 4*f = -12196, 5*a + 11439 = 4*f + 41887. What is the tens digit of a?
9
What is the tens digit of -17 + 464/28 - (-1)/(7/49528)?
7
Suppose 4*i + 8 = 8*i. Let s(m) = 131*m + 5. Let h be s(i). Suppose 102 = 6*b - 5*b - 4*w, 0 = 3*b + w - h. What is the tens digit of b?
9
Suppose -5*c + 18 = 4*c. Suppose -3*y + 5 = 5*d, 2*d = -2*y + 4 - c. What is the units digit of (-3)/3 - d*-67?
6
Suppose -109*w - 24*w + 4329682 = 0. What is the thousands digit of w?
2
Let f(t) = 19*t**2 + 25*t + 212. Let y = -105 + 95. What is the tens digit of f(y)?
6
Let f(q) = -6 - 12*q + 2 - 4. Suppose 2*p + 106 = 4*l + 120, 0 = -l + 3*p - 1. What is the tens digit of f(l)?
4
Suppose 0 = -5*a - 1 - 14. Suppose 10*y + 77 = 47. What is the tens digit of -3 + a/y - -5*13?
6
Let p = -66 + 69. Let x be 1*3/p - 1*-3. Suppose -4*n + 673 = 5*c, -x*c + 538 = -0*c + 3*n. What is the tens digit of c?
3
Suppose -k + 3575 = -2*x - 1570, 2*k = 2*x + 10296. What is the units digit of k?
1
Suppose -40768 = -41*a + 385714. Suppose -143*w - a = -157*w. What is the tens digit of w?
4
Suppose -743 = -10*a + 4907. Let n = a + -26. What is the hundreds digit of n?
5
Let t(b) = 25*b**2 + 11*b - 21. Let x be (-1)/4*-9*32/12. What is the units digit of t(x)?
5
Suppose -870 - 2550 = 12*b. Suppose 3*h + 5*p + 550 = -0*p, 3*h + p = -566. Let j = h - b. What is the tens digit of j?
9
Let i = -8214 - -16928. What is the thousands digit of i?
8
Let l = -44 - -61. Suppose 2*u - l*u = -11415. What is the units digit of u?
1
Let q(z) = z**2 - 63*z + 251. What is the tens digit of q(-22)?
2
What is the ten thousands digit of 1787510/20 + (-21)/42?
8
Let t be (-8)/36 + 235/45. What is the hundreds digit of 15*7 + (-9)/((-15)/t)?
1
Let v(x) = 10*x + 922. What is the units digit of v(-92)?
2
Let s(v) = -2*v**2 - 21*v. Let b be s(-9). Let d = b + -29. What is the units digit of (d/(-6))/(9/54)*30?
0
Let i be (-5766)/(-16) + -1 + 105/(-280). Suppose 11*b = i + 1643. Let n = b + -34. What is the tens digit of n?
4
Let l be 10098/15 - (-4 - (-128)/40). Let v = 773 - l. What is the units digit of v?
9
Let g(w) = 97*w**2 - 6*w + 7. Let s = -78 + 80. What is the hundreds digit of g(s)?
3
Let l be 25/(-15) - 1/3. Let t be (1 - 1 - (l + 2))/2. What is the units digit of 834/15 + 3/(-5) + t?
5
Let q(r) = 8*r - 9. Let s(y) = 40*y - 21*y - 18*y. Let x(k) = q(k) - s(k). What is the tens digit of x(4)?
1
Let p = -18689 - -31681. What is the thousands digit of p?
2
Let t(u) = -u**2 - 15*u + 16. Let i be 2 + (4 + -25)/(-1). Let s = i + -34. What is the tens digit of t(s)?
6
Let a = 67 - 64. Let n(x) = -2*x**2 + 13 + 12*x + x**2 - a*x**2 + 8*x**2. What is the hundreds digit of n(-7)?
1
Suppose -722523 = -30*a - 101773 + 61390. What is the hundreds digit of a?
7
Let w(v) be the second derivative of -v**4/3 - 13*v**3/2 + 5*v**2/2 - 3*v + 32. What is the units digit of w(-6)?
5
Let i be (38/4 + 3 + -1)*-4. Let n be 18*i/20 - 6/(-15). Let k = n + 54. What is the units digit of k?
3
Let o(z) = 4*z**2 + 8*z + 15. Let j(a) = a**3 - 7*a**2 - 8*a + 7. Let l be j(8). Let h be o(l). Let s = -73 + h. What is the units digit of s?
4
Suppose 4*v - 14663 = -3*c, -4*c = -4*v - 6324 - 13180. What is the tens digit of c?
8
Let b = -46240 + 91604. What is the hundreds digit of b?
3
Let a(t) = -5*t**2 + 2*t + 32. Suppose -29 = -5*m + y, y = -2*m + 11 + 2. Let u be a(m). Let f = -93 - u. What is the tens digit of f?
4
Let c(u) = -299*u - 1364. What is the tens digit of c(-6)?
3
Suppose -11*x - 6522 = -117622. What is the ten thousands digit of x?
1
Let o = 3641 + -1985. What is the thousands digit of o?
1
Let h(l) = -l - 4. Let i be h(2). Let q be (-9)/i*(2 - 2/3). Suppose 0 = w - 3, -q*x + w + 169 = 2*w. What is the units digit of x?
3
Suppose -35781 + 243666 = 15*v. What is the units digit of v?
9
Let g(d) = d**3 - d**2 - 4. Let s be g(4). Suppose -s*f = -4*f - 38240. What is the hundreds digit of f?
9
Let i be (-14)/7*(-10)/(-4). Let s = -4 - i. What is the units digit of (2 + (76 - -3))*s?
1
Let m = -32 - -36. Suppose -682 = -5*q - 2*c, -m*c = 5*q + 5 - 689. Let f = 229 - q. What is the tens digit of f?
9
Let x(o) = 742*o**3 + 11*o**2 - 18*o + 4. What is the thousands digit of x(2)?
5
Suppose 74*c - 145*c - 37188 = -73*c. What is the ten thousands digit of c?
1
Let l(v) = 78*v + 50. Let w be l(-22). Let m = -708 - w. What is the units digit of m?
8
Let o(j) = 8*j**3 + j**2 + 2*j + 467. What is the thousands digit of o(12)?
4
Suppose 3309696 = 159*y - 31*y. What is the ten thousands digit of y?
2
Let q(h) = -h**3 + 6*h**2 + 14*h - 42. Let c be q(7). What is the hundreds digit of (c/(49/(-7)))/(2/(-1022))?
5
Suppose k - 867 = g - 2*g, 4335 = 5*g - 2*k. Suppose -4*r = -g + 163. What is the units digit of (r/12)/((-6)/(-18))?
4
Let q(i) = -i**3 - 4*i**2 - 5*i + 27. Let g be q(-5). Suppose -k = -5*k + 324. Let a = k + g. What is the hundreds digit of a?
1
Let r(v) = -v**3 + 2*v**2 + 93*v + 938. What is the units digit of r(-37)?
8
Let m = -1780 - -6656. Suppose 13*r - m = 1416. What is the hundreds digit of r?
4
Let r(w) = -w**2 + 26*w - 41. Suppose -5*f - c = 165, 2*f = c + c - 54. Let a = f - -51. What is the units digit of r(a)?
2
Let r(z) = 3*z**3 + 7*z**2 + 3*z + 233. What is the hundreds digit of r(14)?
8
Let h(q) = 3 + 5 - 63*q - 2 + 1. What is the units digit of h(-4)?
9
Suppose -78*g + 5 = -77*g. Suppose -2*n + 121 = -o, g*n = o + 164 + 146. What is the units digit of n?
3
Let t(k) = 141*k + 148*k - 293*k + 13. What is the units digit of t(0)?
3
Let z be (-6)/4*1898/(-39). Suppose -z = -3*l + 2*l + 3*m, -3*l + 2*m = -198. What is the units digit of 3/8 - (-4136)/l?
5
Suppose -6*u - 48 = -4*u. Let x be 19/4 - 6/u. Suppose -i + 453 = x*k, 